5, 0 = -j*y - 5*p - 23. Calculate h(y).
-11
Suppose 0 = -n + 7*j + 31, -2*n - 25*j + 29 = -28*j. Let q(k) = 30*k - 297. What is q(n)?
3
Let y(z) = z**3 - 5*z**2 + 3 - 2*z**2 + 3*z**2 - 5*z. Suppose 184 - 422 = 14*h. Let s(j) = 3*j + 56. Let a be s(h). Give y(a).
3
Let r(b) = -b**3 + 2*b**2 - 2. Let p be -1*(-12)/3 - 1. Suppose -4*s + 8 + 6 = 3*k, 6 = p*s. What is r(k)?
-2
Let k(b) = 6. Let n(v) = 1. Let t(u) = u + 11. Let i(m) = -4*n(m) + t(m). Let g(f) = f - 3. Let h be g(1). Let d(r) = h*k(r) + 3*i(r). Give d(-6).
-9
Let q = -43 - -63. Suppose -q = x - 11*x. Let y be 0*1/((0 + x)/2). Let g(j) = j**3 - j**2 - j - 6. What is g(y)?
-6
Let u(v) be the second derivative of v**3/6 - 7*v**2/2 + 2*v - 331. Give u(-5).
-12
Suppose -18 = -3*g + 3*h - 0*h, 20 = 5*h. Suppose 2*n + 2*k = g, 3*n + k - 11 = -3*k. Let c(x) = -n*x - 11 + 1996*x**2 + 2 - 1997*x**2. Give c(-7).
5
Suppose y + 41 = -4*h, 12 = 2*y + 2*y. Let v(g) = -36*g**2 + 8*g - 1. Let z(l) = -215*l**2 + 60*l - 1. Let r(k) = -6*v(k) + z(k). What is r(h)?
-6
Let n be (13/7 - 1)/((-437)/3059). Suppose h = -r - 13, 2*r - 5*r = -4*h - 24. Let l be n/(-9)*-3 + h. Let q(m) = m**3 + 10*m**2 - 13*m - 15. Give q(l).
7
Let j(d) = -2*d**2 - 12*d - 19. Let i be j(-3). Let a(m) = m**3 + 3*m + 1. Let w(l) = -3*l**3 + 15*l**2 - 19*l - 6. Let z(b) = i*w(b) - 2*a(b). Give z(14).
-10
Let k(h) = -h**2 - 8*h + 3. Let r be k(-8). Let f(d) = 0 - 27*d**r + 26*d**3 - 5 - 4*d**2. Let n(x) = x**2 + 12*x - 32. Let b be n(-14). Calculate f(b).
-5
Let g(u) = -u**3 - 27*u**2 + 3*u + 34. Let i = -4554 - -4527. Determine g(i).
-47
Let l(t) = t**3 - 67*t**2 - 682*t - 155. Let r be l(76). Let b(s) = -2*s**3 - 2*s**2 + s. What is b(r)?
33
Suppose 0 = -2*d - 5*d + 203. Let g(v) = 4*v + 36 + v - 4*v - d. Give g(0).
7
Suppose -3*q + 3*v = -12, 1 = -q - v - 1. Let b(h) = 13*h**2 - 7*h + 6. What is b(q)?
12
Let l(t) = 0*t**3 + 0*t**2 + 3*t**2 - 2*t**3 + 2 + 0*t**2 - t. Suppose -i + 2*i + 5*o + 28 = 0, 3*i = 2*o - 16. Let h = -6 - i. What is l(h)?
-4
Let b(u) = 265 - 442*u + 407*u - 47. Let h be b(6). Let y(p) = 2*p - 14. Give y(h).
2
Suppose 5*t = 30, -3*r - 72 = 5*t - 16*t. Let b(n) = -7*n - 2. What is b(r)?
12
Let q(v) = 425*v + 6 + 14 - 430*v. Give q(6).
-10
Let c(g) = -g**2 + g + 19. Suppose 103 + 27 - 18 = -16*p. Give c(p).
-37
Let m be (-8)/12*-3*1/(-2). Let z be (-2 + 3)*(2*m)/(-2). Let n(a) = -z + 2*a + 2 - a + 1. Calculate n(0).
2
Let w(a) = -a**3 + a**2 + a + 1. Let k = 1111 + -1108. Give w(k).
-14
Let u(m) = 4*m + 1. Let c = 89 + -64. Suppose -c*t + 210 = -23*t. Let w = t + -100. Determine u(w).
21
Suppose 8*w = 31 + 1. Let z(f) = 2*f**2 + f**2 - 6*f + 6 - w*f + 5*f. Let h(x) = -x**2 - x - 1. Let q(b) = 2*h(b) + z(b). What is q(6)?
-2
Suppose 0 = 7*k - 5*k - 6. Let y(p) = p - 1. Let x(b) = b**3 - 3*b**2 - 6*b + 7. Let j(i) = -x(i) - 6*y(i). Determine j(k).
-1
Let n = 139 + -145. Let l be (-374)/(-66) - (0 + n/(-9)). Let v(z) = 2*z - 17. What is v(l)?
-7
Let l be ((-2)/(-17))/(52/3094). Let z(t) = 3*t + 28. Calculate z(l).
49
Let p be (-36)/2 - (-57)/19. Let l(t) = -27*t + 5. Let f be l(1). Let n = p - f. Let k(u) = -2*u - 10. Calculate k(n).
-24
Let t(k) = k**3 - 10*k**2 - k + 12. Let c be t(10). Let b(m) = -114*m - 2. Let d(z) = -50*z - 1. Let s(o) = -4*b(o) + 9*d(o). Give s(c).
11
Let i(u) = -188*u**2 - u - 27 + 0*u + 66*u**2 + 59*u**2 + 62*u**2. Let g(b) = -b**2 + 4. Let j be g(-2). Determine i(j).
-27
Let x(k) = -147*k**2 - 10 + 1 + 69*k**2 + 2*k**3 + 7*k + 69*k**2 - 3*k**3. Let c be (-144)/14 - (-20)/70. Determine x(c).
21
Let i(h) = -h**2 + 6. Let n(y) = y**2 + 28*y + 115. Let b be n(-23). Let p be (b - (0 + 1))*264/88. What is i(p)?
-3
Let f(z) = 26*z - 17. Let h(o) = -11*o + 8. Let s(i) = 2*f(i) + 5*h(i). Let t(g) = g - 2. Let a(x) = s(x) + 4*t(x). Give a(6).
4
Let q(y) = -3*y**3 + 4*y**2 + 6*y + 5. Let b(r) = 4*r**3 - 3*r**2 - 5*r - 4. Let m(i) = 5*b(i) + 4*q(i). Suppose -4*w = -8*w + 4. What is m(w)?
8
Suppose -4*h + 28 = 2*n, -4*n + 2*n + 33 = 5*h. Let d(b) be the first derivative of 6 - b**2 + 2*b + b - h*b. Give d(-2).
2
Let t(i) = 3*i + 7. Let l be 0 + -5 - -64*119/14. Let z = 533 - l. Give t(z).
-11
Let h(q) = 8 + q + 8 - 19. Let g = -17 - -28. Suppose 2*i = 2, 0 = 2*y - 0*y - i + g. What is h(y)?
-8
Let t(u) = 12*u**2 + 25*u - 9. Let v(g) = -15*g**2 - 34*g + 8. Let b(m) = 3*t(m) + 2*v(m). Calculate b(-5).
104
Suppose 4*l + 2*n - 20 = 4*n, -5*l = 5*n - 10. Let q(y) = y**3 - 6*y**2 + 2*y + 17. Let u be q(l). Let d(r) = -r**3 - 7*r**2 + r + 7. Determine d(u).
0
Let o(q) = 199 - 177 - 74 + 8*q + 7*q - 105. Give o(12).
23
Let p(c) = 55*c**3 + 4*c**2 + 31. Let v(b) = 57*b**3 + 5*b**2 + b + 46. Let d(g) = 3*p(g) - 2*v(g). Give d(1).
52
Suppose -23*n + 78 = -129. Suppose -3*j - n = -4*j + 2*a, -2*a - 15 = -3*j. Let g(p) = -p**3 + 3*p**2 - 3*p + 8. Determine g(j).
-1
Let s(n) = -n**3 - 7*n**2 + 6*n - 7. Suppose -3*o - 3 = 12. Let h(r) = -r**2 - r + 12. Let b be h(o). What is s(b)?
9
Let z(v) = v**2 - 11*v - 9. Let r(n) = -n**2 - 2*n + 5. Let s(l) = -3*r(l) - z(l). Give s(-9).
3
Let a(h) = -5*h - 37 - 48 + 93 - h**2. Let z = 51 - 58. Give a(z).
-6
Let w(b) = b**3 - b - 2. Let y(m) = -7*m**3 - 21*m**2 + 6*m + 8. Let d(u) = 6*w(u) + y(u). Give d(-21).
-4
Let c(t) = -t + 23. Suppose 16*o - 13*o - 2*f - 56 = 0, 6 = 3*f. Calculate c(o).
3
Suppose -5*q = 4*b - 11, -2*q + b + 1 = 6*b. Suppose q + 3 = 3*h + 5*f, 4*f = -2*h + 6. Let s be -4*(((-3)/(-4))/h + 0). Let m(r) = -2*r**3 + r. What is m(s)?
-1
Suppose 2*b - 4*o + 20 = 6*b, -5*b = -3*o + 15. Let h(d) = -d**2 - 6*d + 2. Let k be h(-6). Let m(t) = -t**k - 2 - 3 + t - 3 - t**3. What is m(b)?
-8
Let b(n) be the third derivative of 7*n**4/8 + 41*n**3/6 + 1202*n**2 + 2*n. Determine b(-2).
-1
Suppose 2*g + 6 = -2*w, -109*w + 108*w + 5*g - 9 = 0. Let y(n) = -n**3 - 3*n + 4. Determine y(w).
80
Let o(j) = -2*j**2 - 3. Let y(v) = 5*v**2 + 14*v - 26. Let n be y(-4). Give o(n).
-11
Let k(y) = -11*y**3 - y**2 - 2*y - 1. Let g = -8 + 48. Let z = g + -39. Suppose 0 = -x + b + z, 4 = x - 3*x - b. Calculate k(x).
11
Suppose 6*u = 3*u + 7*u + 136. Let i(g) = -4*g**2 - 137*g - 30. Calculate i(u).
4
Let s(p) = -3 + 7 + 2 - p. Let d(q) = 4998*q + 34989. Let t be d(-7). What is s(t)?
3
Let c(z) = z + 2. Let k(x) = -3*x**3 - 2*x**2 - x. Let y be 1*(-2)/3 - (-57)/(-171). Let s be k(y). Calculate c(s).
4
Let y(p) = p**2 - 18*p + 4. Let b be y(18). Suppose 144 - b = -20*l. Let s(j) = -j**2 - 7*j + 6. Calculate s(l).
6
Let b(c) = -2*c**2 - 3*c - 17*c**2 + 20*c**2. Let g be 0 - 60/(-3 - -8). Let u be ((-3)/g*-4)/(2/6). What is b(u)?
18
Let g(i) = -14*i**2 + i. Suppose -20*c + 9 - 6 = 23. Give g(c).
-15
Let w(z) = 2*z - 2. Let l(o) = -o**2 + 13*o + 65. Let a be l(16). Suppose -6*x + 71 - a = 0. Calculate w(x).
16
Let x(s) = -29*s + 12*s**2 + s**3 - 49 - 44 - 41 - 49 + 172. Calculate x(-14).
3
Let p(l) = 136*l**2 + 96*l**2 - 24*l - l**3 - 245*l**2 - 12. Determine p(-11).
10
Let f(l) = l**3 + 3*l**2 + 3*l + 1. Suppose -2*j + 0*m + 3*m = 10, 5*j = 2*m - 14. Determine f(j).
-1
Let c(l) = 5*l**2 - 5*l - 2. Let j(v) = -3*v**2 + 3*v - 2. Let h(w) = 2*c(w) + 3*j(w). Determine h(3).
-4
Let u(y) = y**2 + y - 11 + 0 + 6*y + 5*y - 4*y. Suppose 0 = -5*d + d - 2*n + 16, -16 = -4*d + 5*n. Suppose -d*v + 2*o - 44 = -2*o, 0 = o - 2. Give u(v).
-2
Suppose 4*y + 3*k = 30, 0*y + y = 5*k - 4. Let t(i) = -8 - 4*i**2 + 9*i**3 + y*i - 3*i**3 + 4 - 5*i**3. Give t(4).
20
Let m = -7 + 16. Let f(r) = 0 + 16*r + 2 + 12*r + 15*r - 44*r. Give f(m).
-7
Let i(j) = -j**2 + 5*j + 73. Let n be i(0). Let d(b) = n*b - 39*b - 37*b - 2. Give d(-6).
16
Let a(f) be the third derivative of -33*f + f**3 - 1/6*f**5 - 1/120*f**6 - 2*f**2 + 0 + 11/24*f**4. What is a(-11)?
6
Let s(f) = 10*f + 31. Suppose 0 = 66*u + 172 - 32 + 190. Give s(u).
-19
Let i be ((-4)/2)/(32/(-48)). Let d(h) = 20*h**i - 250 + h + 251 + h + 2*h**2. What is d(-1)?
-19
Let p(q) = -44*q**2 + 8*q - 6. Let m(z) = 22*z**2 - 3*z + 3. Let a(l) = 5*m(l) + 2*p(l). Determine a(-3).
198
Suppose -59 + 98 = 13*m. Let z(d) = 2. Let y(g) = -g + 1. Let r(a) = -4. Let q(p) = r(p) + y(p). Let i(u) = 3*q(u) + 5*z(u). Determine i(m).
-8
Suppose -5*c = 5*y, 5*y = 58*c - 54*c + 36. Let u(m) = -m**3 + 6*m**2 + m. Give u(y).
36
Let h(z) = -z**3 + 7*z**2 + z + 7. Suppose -90*w + 440 + 190 =